7
Let x = 546 + 1329. List the prime factors of x.
3, 5
Let f(b) = 9*b - 23 + 4 + 10*b**2 + 0*b**2. Let o be f(6). Suppose 0 = -5*u - s + 395, -6*u + s + o = -u. List the prime factors of u.
79
Let p(u) = u - 6. Suppose 15 = 4*z - 1. Let r be p(z). List the prime factors of (r + 4 - -25) + -3.
2, 3
Let h = 1 + -7. Let v be 339 - -2*(-3)/h. List the prime factors of (-3)/(-2)*v/30.
17
Let k(x) = -x**3 + 6*x - 4. Suppose 5*q = 58 + 22. Suppose 4*s = -j - 0*j - 16, q = -4*s - 2*j. List the prime factors of k(s).
2, 3
Suppose -2*a + p - 7 = 0, 3*a + 2*a + 20 = 5*p. Let s be (a/6)/(1/2). What are the prime factors of 29 + s - (-11 - -9)?
2, 3, 5
Let j = 192 + -111. Let w = j - 63. What are the prime factors of w?
2, 3
What are the prime factors of 12920/(-15)*27/(-6)?
2, 3, 17, 19
Suppose 0 = -2*w + p + 117, -2*w - 4*p + 111 = -7*p. What are the prime factors of w?
2, 3, 5
Let p = -4 - -60. Let t = p + -23. List the prime factors of t.
3, 11
Let x be 2*((-35)/2)/(-7). Suppose 0 = -2*c + c + x. Let d(m) = m**3 - 6*m**2 + 8*m - 6. List the prime factors of d(c).
3
Let h(o) = 149*o + 12. Let c be h(-3). What are the prime factors of (-4)/(-8) - c/10?
2, 11
Let y = -1553 - -2477. List the prime factors of y.
2, 3, 7, 11
Suppose -a + 10 = -30. Let d = -44 + 54. Suppose d*p = 2*p + a. List the prime factors of p.
5
Suppose -4*x - 2*n + 3*n = -3127, -2*n = -2. Let p = x - 518. Suppose 0 = 23*w - 19*w - p. What are the prime factors of w?
2, 3, 11
Suppose -6*h - 380 = -2276. What are the prime factors of h?
2, 79
Let u(v) = 0 + 22*v - 21*v + 4*v**2 - 31*v**3 - 5. List the prime factors of u(-2).
257
Let y = 106 - 57. What are the prime factors of 14/y + -2 + 150/14?
3
Let b(u) = u**2 + 2*u - 40. Let r be b(8). Suppose -d + r = -36. List the prime factors of d.
2, 19
Let v(h) be the second derivative of h**3/6 + 15*h**2/2 - 3*h. Suppose 3*y - 2*y = 0. What are the prime factors of v(y)?
3, 5
Let z = -63 + 93. Suppose 184 = 5*n - n. Let k = n - z. List the prime factors of k.
2
List the prime factors of 38*1/(-3)*(-234)/12.
13, 19
Suppose 26*j - 54739 = -19223. List the prime factors of j.
2, 683
Let f(g) = g**2 - 3*g + 21. Let s be f(6). Let i = 137 - s. What are the prime factors of i?
2, 7
Let n(v) = v**2 - 22*v - 55. Let k be n(25). Suppose 0 = -z + b + 141 + k, -4*b = -4. List the prime factors of z.
2, 3
Let i(w) = -3*w. Let d be i(-2). Let p = -114 - -115. Suppose 16 = t + y, p - d = -y. List the prime factors of t.
11
Let n(h) = 1845*h - 393. List the prime factors of n(3).
2, 3, 857
Suppose 12 = p - 48. Suppose p + 16 = t - v, 0 = 2*v. What are the prime factors of t?
2, 19
Suppose -5*c = -3*j + 25, j + 4 - 15 = -c. Suppose 45 = 15*x - j*x. What are the prime factors of x?
3
Suppose 2*t - 3*y = -0*y + 5, 0 = 5*t - 4*y - 2. What are the prime factors of (-438)/(-12) - 1/t?
37
Let p(y) = y**2 - 3*y + 1712. List the prime factors of p(0).
2, 107
Let c = 733 + -359. What are the prime factors of c?
2, 11, 17
Let b be (-8 - -14)*2/4. Let h(d) = -d**3 + 3*d**2 + d + 1. Let c be h(b). Suppose -c*p + 3*y + 2*y = -38, -p + 4 = -4*y. List the prime factors of p.
2, 3
Suppose 0 = q - 4*w - 19, 3*q + q = 4*w + 16. Let k = q - 5. Let h = k + 10. List the prime factors of h.
2
Let c(r) = 89*r**2 + 14*r + 14. What are the prime factors of c(-2)?
2, 3, 19
Suppose -4*z = -3*m + 26, -m - z - 11 = -4*m. Let k(v) = -3*v**m + 0*v**2 + 5*v**2 - v**2 + 8 + 7*v. What are the prime factors of k(-7)?
2
Let o(q) = 2*q**2 - 43*q + 81. What are the prime factors of o(25)?
2
Suppose -4*c = -8*c - 5*y + 3437, -2*c + 1729 = -y. List the prime factors of c.
863
Suppose -966 = -9*o + 24. Suppose -n - n = -4*u - o, 2*n - u = 116. What are the prime factors of n?
59
Suppose 0 = u + b - 21, -u + 4*b = -0*u + 4. Suppose k - 4*j = -j + 5, 2*k - u = 3*j. What are the prime factors of k?
11
Let o = 24 + -13. Let s = o - 7. Suppose 290 = f + s*f. What are the prime factors of f?
2, 29
Let j(h) = 3*h + 26. Let y be j(-20). Let u = 37 + y. Suppose -u*x + 2*n = 6*n - 17, -5*x + 71 = -4*n. List the prime factors of x.
11
Let d(p) = p**3 + 6*p**2 + 22*p - 185. List the prime factors of d(13).
2, 3, 23
Let k(a) = 2*a**2 - 2*a - 8. Let i be k(-2). What are the prime factors of -1 + 2 + (21 + -2 - i)?
2
Let h(n) = n - 7. Suppose -4*q = 3*j - 0*q - 41, -3*q + 6 = 0. Let t be h(j). Suppose t*y - 42 = y. What are the prime factors of y?
2, 7
Let x be ((-16)/10)/(((-9)/3)/(-15)). What are the prime factors of 1077/6 - (-4)/x?
179
List the prime factors of 8398/(-104)*-4*(2 + -1).
17, 19
Let m be (-1)/(-4) - (-2)/(-8). Suppose -198 = -2*a - m*a. What are the prime factors of a?
3, 11
Let m(b) = 53*b**2 - 4*b + 4. What are the prime factors of m(-4)?
2, 7, 31
Suppose -16 = -4*z - 4*z. Suppose 5*a + 165 = z*n + 29, 3*n = 5*a + 214. What are the prime factors of n?
2, 3, 13
Let h = 579 - 57. What are the prime factors of h?
2, 3, 29
Suppose -25 = 5*l, -5*q - 5*l + 7983 = -9617. List the prime factors of q.
3, 5, 47
Let v(q) = -q**2 - 14*q + 4. Let c be v(-14). Suppose 2*w - 5*r = -21, 2*r + 2 = c*w + 4. Let u(h) = h**2 - 1. What are the prime factors of u(w)?
3
Let b be -1*-103*(0 + -1)*2. List the prime factors of (-1 - -2)/((-2)/b).
103
Let c(j) = 2*j**2 + 33*j - 28. List the prime factors of c(-24).
2, 83
Suppose 0 = 4*n + 3*q - 35, 5*n - 15 = n + q. Let w = 0 + 2. Suppose w*m + 2*c - 7*c - 46 = 0, 0 = -m + n*c + 23. List the prime factors of m.
23
Suppose 9*k + 24 = 7*k. What are the prime factors of (-281)/5*-1 + k/60?
2, 7
Let f(h) be the second derivative of -h**4/12 + 7*h**3/6 + 3*h**2/2 - 5*h. Let b be f(7). Suppose -d = 2*w + 1, 5*d - b*d = -w + 4. List the prime factors of d.
3
Let b be (7/5)/(1/5). Let w = 11 - b. Suppose w*g - 1 = n + 2, 12 = g + 2*n. What are the prime factors of g?
2
Suppose 21*x - 10*x - 33 = 0. Suppose 515 = x*h - 4*g + 39, h - 2*g - 156 = 0. What are the prime factors of h?
2, 41
Let a = 5545 + -815. List the prime factors of a.
2, 5, 11, 43
Let r(a) = -a**2 + a - 70. Suppose -x = -4*x. Let s be r(x). Let n = 105 + s. List the prime factors of n.
5, 7
What are the prime factors of 6 + 405 - (-3 + 4)?
2, 5, 41
Let j = 1259 + 911. List the prime factors of j.
2, 5, 7, 31
Let j(o) = o + 21. Let y be j(-18). Suppose 2*q + 146 = y*q. List the prime factors of q.
2, 73
Suppose -1740 = 4*m - 9*m. Suppose -4*z = 5*g - m, -g + 102 = z + 4*g. List the prime factors of z.
2, 41
Let q(p) = -91*p - 178. List the prime factors of q(-11).
823
Let x(q) be the first derivative of q**3/3 + q**2/2 - 6*q - 1. Suppose -y + 51 = 57. What are the prime factors of x(y)?
2, 3
Let o = 18 + -13. Suppose -4*t + o*s + 572 = -0*s, -5*t = -3*s - 715. List the prime factors of t.
11, 13
Let f(c) = -c**3 + c + 1. Let a(s) = 7*s**3 + 6*s**2 - 2*s - 5. Let z(d) = a(d) + 6*f(d). Let m be z(-5). What are the prime factors of (m - 3)*8/6?
2
Let v(a) = 4*a - 68. Let c(o) = -23 + o + o - o + 0*o. Let j(m) = 16*c(m) - 5*v(m). What are the prime factors of j(-8)?
2
Let p = 16 - 60. Let o be 0 + -3 + 0 + -86. Let s = p - o. List the prime factors of s.
3, 5
Suppose 2*n - 5 + 13 = k, n + 4 = -2*k. Let h = -13 + 32. Suppose k = -w + h - 7. List the prime factors of w.
2, 3
Let j = -748 - -2906. List the prime factors of j.
2, 13, 83
Suppose 3*k + k = 4, -o - 3*k = 10. Let i = 31 + o. What are the prime factors of i?
2, 3
Let d be (5/3)/(6/(-198)). Let p = d + 25. What are the prime factors of (p/(-2))/(0 + 1)?
3, 5
Let y(d) = 5*d**3 - 5*d**2 + 3*d - 9. What are the prime factors of y(4)?
3
Suppose 2*j = u + 2*u + 28, 3*u + 26 = 4*j. Let m(z) = -21*z + 17. Let s be m(u). Suppose -s = -4*o - l - 80, 0 = o + l - 36. What are the prime factors of o?
37
Let l(n) = 14*n**2 + 39*n - 171. List the prime factors of l(9).
2, 3, 73
List the prime factors of (-15)/(5 + -2)*(10 - 36).
2, 5, 13
Suppose 9333 = 50*r - 8967. List the prime factors of r.
2, 3, 61
Suppose 0*j - 156 = -3*j. Let o = -1305 + 1295. What are the prime factors of o/(2/j*-4)?
5, 13
Suppose -2*h + 5*w + 474 = 0, -h + 2*w = -2*w - 231. What are the prime factors of h?
13, 19
Let n(r) = -117*r - 160. List the prime factors of n(-4).
2, 7, 11
Suppose -20*l + 16 = -24. List the prime factors of ((-1)/1)/(l/(-272)).
2, 17
Let m(s) = s**2 + 5*s + 10. Let f be 